{"id":114,"date":"2023-01-25T19:55:14","date_gmt":"2023-01-25T19:55:14","guid":{"rendered":"https:\/\/vnoc.unam.mx\/?page_id=114"},"modified":"2025-05-06T20:58:32","modified_gmt":"2025-05-06T20:58:32","slug":"seminario-web-zoom","status":"publish","type":"page","link":"https:\/\/vnoc.unam.mx\/?page_id=114","title":{"rendered":"Seminario Web Zoom"},"content":{"rendered":"\n<h2 class=\"has-text-color has-large-font-size\" style=\"color:#2490cf\">Seminario Web Zoom<\/h2>\n\n\n\n<p><\/p>\n\n\n\n<p><br>Un Seminario Web o Webinar permite transmitir una conferencia a los asistentes de solo visualizaci\u00f3n. Como anfitri\u00f3n o panelista, las personas pueden compartir su pantalla, v\u00eddeo y audio en el seminario web, mientras que los asistentes pueden usar el chat o las preguntas y respuestas para interactuar con el anfitri\u00f3n y los panelistas, no pueden utilizar su c\u00e1mara, micr\u00f3fono, o compartir presentaciones o contenido audiovisual.<\/p>\n\n\n<div class=\"wp-block-image\">\n<figure class=\"alignright size-full is-resized\"><a href=\"https:\/\/docs.google.com\/forms\/d\/e\/1FAIpQLSfn0mWxKi08WvZFkk1DUWvgK2Zg86ym50yhKcYEsk43hdLo0g\/viewform\"><img decoding=\"async\" loading=\"lazy\" src=\"https:\/\/vnoc.unam.mx\/wp-content\/uploads\/2023\/01\/boton.png\" alt=\"\" class=\"wp-image-121\" width=\"225\" height=\"108\"\/><\/a><figcaption class=\"wp-element-caption\">Seminario Web Zoom<\/figcaption><\/figure><\/div>\n\n\n<p><br>Los seminarios web pueden requerir registro previo, con la opci\u00f3n para el anfitri\u00f3n de<br>agregar preguntas de inscripci\u00f3n personalizadas; o bien, la inscripci\u00f3n puede estar<br>desactivada para que los asistentes se unan con solo hacer clic en un enlace a la hora del seminario web.<\/p>\n\n\n\n<p class=\"has-very-dark-gray-color has-text-color has-medium-font-size\"><\/p>\n\n\n\n<p class=\"has-text-color has-medium-font-size\" style=\"color:#2490cf\"><br>LINEAMIENTOS DE SOLICITUD DE UN SEMINARIO WEB<\/p>\n\n\n\n<p>El servicio de Seminario Web puede ser solicitado por miembros de la comunidad<br>universitaria que sean responsables de eventos acad\u00e9micos y cuenten con la siguiente<br>informaci\u00f3n para registrarla en la solicitud correspondiente:<\/p>\n\n\n\n<ol>\n<li>Direcci\u00f3n de email del solicitante<\/li>\n\n\n\n<li>Nombre del solicitante<\/li>\n\n\n\n<li>Entidad acad\u00e9mica<\/li>\n\n\n\n<li>\u00c1rea de adscripci\u00f3n del solicitante<\/li>\n\n\n\n<li>Tel\u00e9fono del solicitante<\/li>\n\n\n\n<li>Nombre del evento acad\u00e9mico<\/li>\n\n\n\n<li>Fecha o fechas de realizaci\u00f3n<\/li>\n\n\n\n<li>Horario de inicio y finalizaci\u00f3n<\/li>\n\n\n\n<li>N\u00famero estimado de asistentes<\/li>\n\n\n\n<li>Tipo de acceso, con o sin registro de asistentes<\/li>\n\n\n\n<li>Si es con registro, datos adicionales en caso de requerirse<\/li>\n\n\n\n<li>Informaci\u00f3n audiovisual o banner del evento<\/li>\n\n\n\n<li>Datos de transmisi\u00f3n a servicios de streaming, en caso de requerirlo<\/li>\n\n\n\n<li>Formato de invitaci\u00f3n a panelistas, autom\u00e1tico o personalizado.<\/li>\n\n\n\n<li>Funci\u00f3n de preguntas y respuestas<\/li>\n\n\n\n<li>Grabaci\u00f3n del seminario<\/li>\n\n\n\n<li>Funci\u00f3n de interpretaci\u00f3n de idiomas<\/li>\n\n\n\n<li>Datos de contacto con los asistentes<\/li>\n\n\n\n<li>Anfitri\u00f3n alterno que pueda iniciar la sesi\u00f3n, en caso de requerirlo<\/li>\n<\/ol>\n\n\n\n<p class=\"has-text-color has-medium-font-size\" style=\"color:#2490cf\">CONDICIONES DE OPERACI\u00d3N SERVICIO<\/p>\n\n\n\n<ol>\n<li>El servicio de Seminario Web puede ser utilizado para cualquier evento acad\u00e9mico<br>de la comunidad universitaria.<\/li>\n\n\n\n<li>Una vez recibida la solicitud de servicio, el Departamento de Comunicaciones<br>Audiovisuales le notificar\u00e1 la disponibilidad v\u00eda correo electr\u00f3nico. Si se cuenta con<br>el espacio libre, se le enviar\u00e1 una notificaci\u00f3n de calendario indicando la<br>programaci\u00f3n de su evento en la fecha y hora solicitada.<\/li>\n\n\n\n<li>Una vez confirmado la disponibilidad, se enviar\u00e1 al solicitante el enlace de acceso<br>o el formulario de registro para los asistentes no panelistas.<\/li>\n\n\n\n<li>La entidad solicitante deber\u00e1 enviar por email el listado de nombres y correos<br>electr\u00f3nicos de los participantes panelistas a vnoc@unam.mx para realizar el<br>registro en el seminario y enviar las notificaciones de acceso.<\/li>\n\n\n\n<li>Dependiendo de la disponibilidad del Centro de Operaciones, la entidad<br>acad\u00e9mica puede solicitar sesiones previas a su evento para realizar ensayos en<br>la plataforma de Webinar. En caso de no contar con espacios disponibles, puede<br>realizar pruebas en una sesi\u00f3n de Zoom Meetings con la licencia que ya tenga<br>asignada.<\/li>\n\n\n\n<li>Las sesiones son programadas en el Seminario de Zoom en la fecha y hora<br>indicadas en el formulario. El d\u00eda del evento, la sesi\u00f3n se inicia 30 minutos antes<br>para que los participantes panelistas se conecten, realicen pruebas de audio y<br>video, env\u00edo de presentaciones, y revisen con el personal de operaci\u00f3n de la<br>sesi\u00f3n cualquier duda o indicaci\u00f3n adicional del evento, como la asignaci\u00f3n de<br>coanfitriones, y el momento de la apertura del seminario web para el acceso de los<br>asistentes.<\/li>\n\n\n\n<li>Durante el evento, los organizadores y panelistas son quienes llevan el control de<br>tiempos de participaci\u00f3n. Al finalizar, \u00fanicamente el anfitri\u00f3n es quien termina la<br>conexi\u00f3n a la conferencia para todos los participantes en cuanto sea indicado.<\/li>\n\n\n\n<li>La solicitud del servicio de seminario web Zoom deber\u00e1| ser enviada \ncon al menos 24 hrs. h\u00e1biles antes de la hora del inicio del evento. \nSe recomienda que la sesi\u00f3n sea planeada y solicitada con 7 d\u00edas \nde anticipaci\u00f3n para mejores resultados en la difusi\u00f3n e inscripci\u00f3n a su conferencia.<\/li>\n<\/ol>\n\n\n\n<p class=\"has-small-font-size\"><br>Realiz\u00f3: Mtro. Jos\u00e9 Luis Rodr\u00edguez Valdez<br>Realiz\u00f3: Mtro. Norberto Montalvo Garc\u00eda<br>Realiz\u00f3: Ing. Arturo Gonz\u00e1lez Rom\u00e1n<br>Realiz\u00f3: Mtro. Guillermo V\u00e1zquez Ben\u00edtez<\/p>\n\n\n\n<p>Ultima actualizaci\u00f3n: 23 de enero 2023<\/p>\n","protected":false},"excerpt":{"rendered":"<p>Seminario Web Zoom Un Seminario Web o Webinar permite transmitir una conferencia a los asistentes de solo visualizaci\u00f3n. Como anfitri\u00f3n o panelista, las personas pueden compartir su pantalla, v\u00eddeo y audio en el seminario web, mientras que los asistentes pueden &hellip; <a href=\"https:\/\/vnoc.unam.mx\/?page_id=114\">Continued<\/a><\/p>\n","protected":false},"author":1,"featured_media":0,"parent":0,"menu_order":0,"comment_status":"closed","ping_status":"closed","template":"","meta":{"_eb_attr":""},"_links":{"self":[{"href":"https:\/\/vnoc.unam.mx\/index.php?rest_route=\/wp\/v2\/pages\/114"}],"collection":[{"href":"https:\/\/vnoc.unam.mx\/index.php?rest_route=\/wp\/v2\/pages"}],"about":[{"href":"https:\/\/vnoc.unam.mx\/index.php?rest_route=\/wp\/v2\/types\/page"}],"author":[{"embeddable":true,"href":"https:\/\/vnoc.unam.mx\/index.php?rest_route=\/wp\/v2\/users\/1"}],"replies":[{"embeddable":true,"href":"https:\/\/vnoc.unam.mx\/index.php?rest_route=%2Fwp%2Fv2%2Fcomments&post=114"}],"version-history":[{"count":25,"href":"https:\/\/vnoc.unam.mx\/index.php?rest_route=\/wp\/v2\/pages\/114\/revisions"}],"predecessor-version":[{"id":538,"href":"https:\/\/vnoc.unam.mx\/index.php?rest_route=\/wp\/v2\/pages\/114\/revisions\/538"}],"wp:attachment":[{"href":"https:\/\/vnoc.unam.mx\/index.php?rest_route=%2Fwp%2Fv2%2Fmedia&parent=114"}],"curies":[{"name":"wp","href":"https:\/\/api.w.org\/{rel}","templated":true}]}}